 (-1 - -1)?
7
What is the value of 8 - (11 - 2) - 6?
-7
What is the value of 2 + 1 + 2 + -1?
4
-3 + 3 + -2 - (-6 - -4)
0
2 + 2 + 5 + -4 + 0
5
Calculate -8 + 6 - 2 - (-11 - -2).
5
Calculate (6 - 0) + 30 + -41.
-5
What is the value of -8 + 7 + -4 - 0?
-5
What is -5 + ((11 - 6) + 0 - 6)?
-6
What is the value of (2 - -1 - -1) + (-1 - 3)?
0
What is the value of (-13 - -15) + (-2 + -3 - 1)?
-4
Evaluate 3 + 3 + 4 + (-11 - -6).
5
What is -1 - (0 - 0 - (-5 - -9))?
3
-1 + (3 - -1 - 2 - 4)
-3
Evaluate 15 - (-6 + 19) - (2 + -9).
9
Calculate 5 + (1 - 3) + 2 + -4.
1
What is -3 + -1 + (2 - -1) + -2?
-3
What is 44 + -45 - (-1 + -1)?
1
Evaluate 2 + -3 - (4 + (0 - 3)).
-2
What is 4 + 8 + (-10 + 2 - -3)?
7
What is 2 - (7 + -17 + 6)?
6
-1 - 1 - ((-9 - -10) + 5)
-8
What is (-1 - -4) + 12 + -16?
-1
Calculate (2 - 2) + (-5 - (0 - 4)).
-1
What is the value of -1 + 5 - (-2 - (-4 + -3))?
-1
Calculate (5 - (0 - -2)) + (1 - 3).
1
What is (-4 - -7 - 8) + (0 - 1)?
-6
What is the value of -13 + -1 + (-45 - -56)?
-3
5 - (5 + 0) - (2 - 4)
2
-3 - (-1 + (-2 - 7))
7
What is 1 + -1 + 1 + 2 + 0?
3
(-3 - (1 - -2)) + 4
-2
-6 + (-1 - -3) + -1 + 11
6
Evaluate -4 + (0 - -4) + 1.
1
What is the value of -1 + (-3 + 4 - (-4 - 0))?
4
Calculate (0 - -1) + (9 - 15 - -10).
5
Evaluate -2 + (3 + 1 - 3) + 0.
-1
(8 - 22) + 17 - (7 + 0)
-4
3 + 2 + (-5 - (5 - 11))
6
Evaluate 5 + (-1 - -6) + (-4 - -2).
8
Calculate 12 + (9 - 8) + (-8 - -2).
7
What is 7 + -4 - 5 - 1?
-3
Evaluate (-4 - -2) + -7 - -14.
5
4 + (-1 + (2 - 2) - 4)
-1
What is the value of 6 + -3 + (-2 - (-1 + -1))?
3
What is (0 - 6) + 4 + 0 + -3?
-5
Evaluate -3 - ((-1 - 0) + 0).
-2
Calculate -6 - (0 + (-12 - -4)).
2
Calculate 2 - (15 - 8) - -4.
-1
(-19 - -13) + 0 + 7 + 4
5
Calculate 0 + 0 - (-9 + 17 + -16).
8
What is -11 + 13 - (1 + 1)?
0
What is the value of (-3 - -2) + (15 - 15)?
-1
Calculate 3 - (-2 + 3) - (-2 + 3).
1
What is the value of 2 + 0 + (-128 - -122)?
-4
What is the value of -3 + (-5 + 2 - -1) - -10?
5
What is -5 + 3 + 2 + -1 + -3?
-4
What is (-1 - 2) + 1 + 6 + -9?
-5
Evaluate 1 + (0 - 0) + (15 - 12).
4
What is -9 - (-9 - (5 - 11))?
-6
-1 + -4 + -16 + 26 + -12
-7
What is the value of 2 + 3 - (0 - (-5 - -1))?
1
What is -10 + 13 - ((0 - 0) + 1)?
2
(0 - -5) + 0 + -23 + 18
0
2 - (0 - (-2 + -2))
-2
Evaluate -5 + (4 - -10 - 4).
5
What is the value of 1 + (0 - 6) + 1 + -2?
-6
Calculate (8 - -2) + -3 + (-9 - -2).
0
What is -1 + 12 + -5 - 3 - 0?
3
What is -4 + (8 + -1 - 1)?
2
What is (4 - (-2 + 3)) + (1 - 1)?
3
What is the value of (9 + -5 - -2) + (-4 - 0)?
2
Calculate -2 + -5 + 6 + (0 - -2).
1
Evaluate (3 - 1 - 5) + 11 + -5.
3
Evaluate -5 + 6 + 9 + (-2 - 1).
7
What is the value of -2 + (0 - 0) - (35 - 37)?
0
36 + -43 - (-2 - (2 + 11))
8
Calculate -7 + 6 + 2 + -7.
-6
Evaluate (3 - 1) + (-1 - -2).
3
Calculate (0 - -1 - (15 + -11)) + 3.
0
What is the value of (8 - 1) + 1 - 9?
-1
What is the value of (-1 - -3) + 0 + (2 - 3)?
1
What is the value of -1 + -2 + (12 + -13 - -7)?
3
-5 + (3 + -1 + -4 - -4)
-3
0 + -4 + -4 + 14 - 0
6
(1 - (4 - 1)) + -1
-3
-1 - -7 - (5 - 1 - 3)
5
Evaluate (-5 - (-3 - (1 + -3))) + -1.
-5
What is the value of -6 + -13 + -4 + 15?
-8
Evaluate 7 + -1 + 7 + -12.
1
Calculate 7 + -9 + 3 + -5.
-4
-1 + (5 - (2 - -1))
1
What is -3 + 7 + (0 - -1)?
5
What is the value of 0 + (3 - 5) - (24 + -26)?
0
Calculate 8 + -10 + (-4 - 1).
-7
What is the value of (-11 - (-13 - -8)) + 14 + -1?
7
-9 - ((-4 - 4) + 2)
-3
Calculate 0 - (-1 + -1 - -1).
1
Evaluate 6 - (2 - 0 - (-3 + 0)).
1
What is the value of (-22 - (-16 - 19)) + -1 + -1?
11
Evaluate (-12 - -2) + -96 + 108.
2
What is the value of 0 + 6 + (-2 - 4)?
0
Evaluate (-2 - 0) + (12 - 4 - 6).
0
Calculate -2 + 2 + 3 + 0.
3
What is the value of (-5 + -4 - -5 - 4) + 6?
-2
Evaluate 3 - (4 + -3 + -1 + 4).
-1
Evaluate 14 + -6 - (2 - -8).
-2
Evaluate 0 + -1 + 1 + (35 - 35).
0
-1 + (5 - 1) + -5
-2
Evaluate 4 - ((-6 - -6) + (0 - -2)).
2
Calculate -6 + 9 + (0 - (-1 - -1)).
3
2 + (-2 - -4 - 0)
4
5 + -4 + 7 - 5
3
-2 + (15 + -13 - (-2 - -1))
1
What is the value of 0 + -3 - (-1 + 0)?
-2
What is 6 + 6 - (5 + 5)?
2
What is 2 - (-2 - (4 - 5) - 1)?
4
What is -6 + 7 + 3 + -8?
-4
What is the value of 3 - (13 - (-2 + 10) - 0)?
-2
Evaluate 2 - 8 - -4 - (-8 + 1).
5
Evaluate (-3 - (-4 - 3)) + -2 - 4.
-2
Evaluate 0 - 1 - 0 - (0 - -2).
-3
Evaluate -10 - -4 - -15 - 6.
3
(41 - 46) + (1 - -9)
5
What is the value of 1 + 1 + (-17 - -16)?
1
What is (6 - 7) + (-5 - -5)?
-1
Evaluate 1 + -9 + -5 + 8.
-5
What is 7 - (-5 + (-2 + 5 - 0))?
9
What is the value of 0 + 1 + 31 + -29 - -4?
7
Calculate 0 + 5 - (-25 - (-21 + -1)).
8
Evaluate -4 + 8 + -1 + (-45 - -50).
8
0 - 3 - (5 + -1 + -10)
3
What is the value of -1 + (-2 - (-5 + 3))?
-1
0 - (9 - 8) - -1
0
Calculate -6 + (17 - 4) - (2 - 2).
7
Calculate -2 + 1 - (-11 + 9 + 5).
-4
-2 + 0 + (-6 - -1 - -4)
-3
-1 + 3 - (5 - -1)
-4
Evaluate -6 - (1 + 0 + -2).
-5
18 - 14 - (6 + -5)
3
Evaluate 3 - (-3 + 3 - 0).
3
What is the value of 8 + -3 - 0 - (-29 + 35)?
-1
What is -5 - 0 - (6 + 2 + -10)?
-3
Evaluate 1 + (2 - 2) - 4.
-3
-6 - (2 + -6 + 3)
-5
What is the value of -1 + 3 + (5 - 7)?
0
What is (8 - 18 - 1) + 9?
-2
Calculate (-1 + (4 - 16) - -7) + 13.
7
What is the value of 0 - (4 - 2 - (1 - 2))?
-3
What is the value of (4 - (2 + 0)) + (3 - 2)?
3
Calculate (-1 - (-1 + -5 + 3)) + 0.
2
What is the value of (-6 - -6) + (-5 - 0)?
-5
What is (2 - 4) + 1 - (9 - 9)?
-1
What is the value of (-23 - -21) + (0 - 1)?
-3
Evaluate -5 - (5 - (-1 + 3 - -13)).
5
Calculate 0 + -4 + (-6 - -3) + 2.
-5
What is -5 + -6 + 1 + 6?
-4
Calculate -3 - (11 - (3 - -9)).
-2
What is the value of 6 - (-5 - ((-8 - 3) + 2))?
2
What is the value of 8 + (7 - 8) - (17 - 3)?
-7
What is 2 + -11 + -2 + 6?
-5
What is the value of -1 - 3 - (21 - 20)?
-5
Calculate -3 + (-2 - -2) - -3.
0
Calculate -3 + -1 + (-1 - 0) + -1.
-6
What is 3 + (7 - 13 - -8 - -3)?
8
What is -5 - (-2 + 0 + (-2 - 0))?
-1
(9 - 1) + -9 + (-4 - -13)
8
What is 4 - 3 - (0 + (-2 - -4))?
-1
Calculate 0 - -1 - (8 + -5 + 4).
-6
What is the value of 4 + -5 - 3 - -2?
-2
8 + 0 + -5 + 0 - -2
5
Calculate 4 + -3 + (-5 - (-2 - 0)).
-2
What is (8 - 6) + 0 - -2?
4
Evaluate 7 + -10 - -7 - -4.
8
Evaluate 2 - ((-12 - -5) + 15 + -3).
-3
Calculate 5 + (-4 - 0) + 0 + -4.
-3
0 + 1 + 8 + -5
4
Evaluate -2 - (-2 + (0 - -4) + -1).
-3
What is the value of -44 + 50 + 0 + -2?
4
Evaluate 6 - (4 + -4 + 5).
1
What is 0 + 4 + (1 - 7)?
-2
What is -9 + 1 + 1 + 22 + -14?
1
Calculate (65 - 75) + (10 - 1).
-1
Evaluate -1 + 3 + (3 - 0).
5
What is the value of 6 - (4 - 0) - (7 + -10)?
5
Evaluate (0 + 1 - (4 + -2)) + 5.
4
What is 9 + -9 + 8 - 15?
-7
What is -3 - 2 - -1 - (-19 + 16)?
-1
What is 1 - (-39 - -45 - (2 - -6))?
3
(-6 - -1) + (-3 - -7)
-1
5 + -12 - -3 - (0 + -3)
-1
3 + 0 - ((10 - 16) + 16)
-7
What is the value of -19 + 19 - (1 + 1 + -7)?
5
Evaluate -4 - (1 + 1) - (0 - 3).
-3
What is (-5 - -2) + -2 + 2?
-3
What is -4 - (11 + -16 + 5)?
-4
What is the value of 4 + 2 - 2 - 4?
0
Evaluate -1 - (5 + -4 - -3).
-5
What is the value of 8 - 10 - (-3 + 2 + 3)?
-4
What is the value of (2 - -2) + (-2 - (0 - 2))?
4
What is the value of (-4 - 0) + (-11 - (5 + -23))?
3
Evaluate -3 - (2 + -2 + -1).
-2
8 - 14 - (-2 + -1 + 1)
-4
What is the value of -2 - (-1 - 7) - 2?
4
98 + -79 - (12 - 1)
8
What is the value of 10 - (8 + 1) - -2?
3
What is the value of (5 - (-5 + 7)) + (-3 - 1)?
-1
Evaluate (4 - 1) + 5 + (-11 - -7).
4
Calculate -10 + (-8 - -6) - -10.
-2
Evaluate 3 + -3 + (0 - -3).
3
What is -4 + (1 - 3) + 2 + 3?
-1
-2 + -1 - (2 + -4)
-1
6 + -2 + 0 + -7 + 12
9
What is the value of 0 + 3 + 4 + -14 + -1?
-8
Evaluate -9 - (-8 + -5) - 11.
-7
Evaluate (7 - (13 + 0) - -5) + 0.
-1
Calculate -5 + (-2 - (-2 - 0) - -2).
-3
Calculate -1 - (9 + -10 - (3 - 2)).
1
Calculate 5 + -8 - (0 + -1) - -5.
3
1 + (-6 - (0 - 2))
-3
What is the value of -1 - 2 - (-2 - 6)?
5
What is -3 + 5 + 3 + 2 + -6?
1
Calculate -4 - (-6 + (2 - 1)).
1
What is 2 + (-3 - 1) + 2?
0
What is -4 - (4 - (9 - 7))?
-6
Evaluate -4 + (-6 - -5) + 10.
5
1 + 0 + -7 + -1
-7
What is -1 - -4 - (-3 - -3) - 5?
-2
-5 - (-3 + (0 - (0 + 5)))
3
What is the value of 4 + 9 - 5 - 7?
1
(3 - -5) + (-20 - -12)
0
Calculate (11 - 3) + (12 - 17).
3
Evaluate (0 - -1) + -10 + 6.
-3
(-2 + -1 - 0) + 2
-1
What is (-6 - -1 - -9) + 0 + 2?
6
What is (1 - (-6 - -2)) + -2 - 7?
-4
What is the val